r of f and 90?
45
Let f = 614 + -458. Let t(g) = -2*g + 16. Let c be t(-4). Calculate the highest common factor of c and f.
12
Suppose -14*h - 28 + 182 = 0. Suppose -h*j - 28 = -83. Calculate the highest common factor of 80 and j.
5
Let o(p) = -p**3 - 3*p**2 + 9*p + 23. Let l be o(-8). Let n = 284 - l. Let g = 114 - -3. What is the greatest common divisor of g and n?
13
Let r(n) = n**3 - 55*n**2 - 215*n - 335. Let a be r(59). What is the highest common factor of 24 and a?
8
Let h(o) = -302*o + 3973. Let t be h(13). What is the highest common factor of 1175 and t?
47
Let c be (15 - 4158/56)/(2/(-24)). Let n = 362 - 204. Calculate the highest common divisor of n and c.
79
Suppose -4*u + 2361 = 4*g - 47, 0 = 3*u + 5*g - 1810. What is the highest common factor of u and 408?
24
Let p be 135 - (16 - 28/4). Let b = 25 - 11. Calculate the highest common factor of p and b.
14
Let w(x) = 21*x - 61. Let z be w(3). Suppose -5*d - z*j = -55, 6*d - 37 = 3*d - 2*j. What is the greatest common divisor of 36 and d?
9
Let g(p) = -p**3 - 7*p**2 + 7*p - 17. Let j be g(-8). Let w(u) = 2*u - 5. Let q be w(4). Let r be 84*q/j*-1. What is the highest common factor of r and 224?
28
Let j(c) = -2*c + 17. Let n be j(8). Let a(l) = 2*l**2 + 12*l - 91. Let r be a(-11). Calculate the greatest common factor of n and r.
1
Suppose 0 = 5*j - 2*s - 31, -2*s = 2*j - 10 - 8. Calculate the greatest common divisor of j and 1841.
7
Let a be ((-2)/(-5))/(4/360). Let d(w) = 2*w**3 + 9*w**2 - 77*w - 288. Let p be d(-4). Calculate the greatest common divisor of a and p.
36
Let y = -13494 + 16174. What is the highest common factor of y and 8?
8
Let n be ((66/(-4))/11)/((-6)/748). Suppose 80 = 4*u - 45*c + 47*c, -3*u = -5*c - 86. What is the highest common divisor of n and u?
11
Let x(c) = -98*c + 2886. Let z be x(-23). What is the highest common factor of z and 40?
20
Let m be (-138972)/(-2109) - (-4)/38. Calculate the greatest common divisor of m and 1980.
66
Let u(s) = 3*s**2 + 25*s - 12 + 37 - 18. Let i be u(-9). Let g be (-4)/(-1) - (4 - 5). What is the greatest common factor of g and i?
5
Let o(t) = 2*t**2 + 10*t - 19. Suppose -z = 5*w + 42, 48 = -4*w + 4*z - 0*z. Let r be o(w). Let l = r + -17. What is the greatest common factor of 4 and l?
4
Suppose -5*m - 46 = -4*f, -2*f - 5 + 15 = 4*m. Suppose 2*c - c = f. Suppose 4*k + 63 = 11*k. Calculate the greatest common factor of k and c.
9
Suppose -2*z - 11 = -8*z + 4687. Calculate the highest common factor of 696 and z.
87
Let n = -2 + 5. Suppose 2*u - 202 = -3*c + 7*u, 5*c = -5*u + 350. Let w = c + -33. Calculate the highest common divisor of w and n.
3
Suppose 3*f + 1826 - 416 = 3*b, -2*b = 4*f - 922. Let h = b + -283. What is the highest common divisor of h and 8?
8
Let b be (-288)/240 - (-288)/15. Calculate the highest common divisor of b and 4314.
6
Let k be (-3348)/(-15)*610/244. What is the greatest common factor of k and 72?
18
Suppose -4*u + 9*u - 105 = 0. Suppose 0 = -22*o + 31*o + 45. Let k = o + u. Calculate the highest common factor of k and 4.
4
Let y = 728 - 688. Let k be 4 - (-10)/(y/964). Calculate the greatest common factor of k and 140.
35
Let t(n) = -n**3 + 12*n**2 - 20*n + 11. Let q be t(10). Suppose 2*x - 53 = q. Let y be (2 - 8/3) + x/3. What is the highest common factor of 50 and y?
10
Suppose p = 3*z - 2, 4*z - 9 = 3. Let s be (-3)/(-5) + ((-120)/(-25))/(-8). Suppose -72*u + 76*u - 224 = s. What is the highest common factor of p and u?
7
Let d = -9 - -14. Let n be 4/(-6)*(2 - d)*14. Suppose 4*w + 0*w - 280 = 0. What is the greatest common factor of n and w?
14
Suppose 207 = 18*m - 9*m. Suppose i - 2*l - m = 0, -3*l + 34 + 14 = 4*i. What is the highest common factor of 645 and i?
15
Let r(j) = -7*j**2 - 222*j + 21. Let n be r(-27). What is the greatest common divisor of n and 16?
16
Suppose 59372 = 66*q + 22*q - 44292. Let u be (14/35)/((-2)/(-190)). Calculate the highest common factor of q and u.
38
Let j(x) = -2*x**3 - 32*x**2 + 18*x - 18. Let y be 3 - (-4 - 2*-12). Let p be j(y). Suppose -9*k + p = -88. What is the greatest common divisor of 38 and k?
38
Suppose -864 = 5287*a - 5323*a. Calculate the greatest common divisor of a and 72.
24
Suppose -6*c = -16*c + 20. Let n be 61 - (c + -8 + 0). Calculate the greatest common factor of n and 67.
67
Suppose -349*w - 165*w + 20560 = 0. What is the highest common factor of w and 670?
10
Let c(t) = 167*t - 299. Let u be c(2). Let h be (-25)/(-3) - 6/(-9). Suppose 30 - h = 3*w. Calculate the highest common divisor of w and u.
7
Let b be (-82)/(1 + 0)*3/(-2). Suppose 0 = -b*z + 124*z - 18. What is the highest common divisor of 576 and z?
18
Suppose -3*w = 2*c + 7, c - w + 0*w = 9. Suppose -2*s - 3*v = -s + 8, 48 = 4*s - c*v. What is the highest common factor of 259 and s?
7
Let v(u) = -u**2 + 19*u + 36. Let c be v(13). Suppose -103*f + 97*f = -c. Suppose 3*y = 839 - 269. Calculate the greatest common factor of y and f.
19
Let y(x) = 11*x + 1. Let g be y(1). Let n be -6 - (2/16 + (-41 - (-153)/(-136))). What is the highest common factor of g and n?
12
Let m(u) be the second derivative of u**4/12 - 4*u**3/3 - 81*u**2 + 2*u + 62. Let n be m(-10). Calculate the greatest common divisor of 756 and n.
18
Let p(s) = 21*s - 80. Let u(v) = -2*v**2 + 19*v - 81. Let x(w) = 4*p(w) - 5*u(w). Let y be x(7). Calculate the greatest common divisor of 83 and y.
83
Let j = -443 - -301. Let h = 166 + j. Calculate the highest common divisor of h and 56.
8
Let t = 189 + -276. Let r = 122 + t. Let f = r - -10. Calculate the highest common divisor of f and 18.
9
Let y be (5/(-3)*3)/(-1). Suppose 0 = 5*s + 25, -709 = -4*x + x + y*s. Calculate the highest common factor of x and 171.
57
Let b be (0 - -8)/(16/3 - 6). Let w be ((-150)/(-9))/((-8)/b - 0). What is the greatest common divisor of 15 and w?
5
Suppose 0 = 18*g - 7478 - 136. What is the highest common factor of g and 45?
9
Let g(t) be the second derivative of -1/2*t**2 - 3/2*t**3 + 1/20*t**5 + 15*t - 1/12*t**4 + 0. Let a be g(4). What is the highest common factor of 44 and a?
11
Let v = 22 - 16. Suppose 3*l + 0 = v. Let h = -16374 - -16379. What is the greatest common divisor of l and h?
1
Let g be (-31588)/(-30) + 0 + 1453/21795. Calculate the highest common factor of g and 108.
27
Suppose 2*p = -3*m + 357, 243 = 2*m + 3*p - 0*p. Suppose 133 = 3*z + 438*o - 436*o, 2*z - 5*o = 38. What is the greatest common divisor of m and z?
39
Suppose -428*k + 417*k = -4235. Calculate the highest common divisor of k and 1485.
55
Let c(a) = -2*a**2 + 26*a + 9. Let z = -209 - -221. Let p be c(z). Calculate the greatest common divisor of 22 and p.
11
Let k be (60*(-917)/(-245))/((-1)/(-21)). What is the greatest common factor of 36 and k?
36
Suppose -5*n + 35 = l - 6*l, 5*n - 27 = 3*l. Let x = -100 + 102. Let d be ((x - 3)*-3)/(4/16). What is the greatest common divisor of n and d?
3
Suppose 2*w - 26 = -56. Let d be (4 - 5)*1*w. Let u be 8/40 - (-57)/d. What is the highest common divisor of 12 and u?
4
Let l be 2 + (-6)/(-6) - -52. Suppose 135 = l*w - 50*w. Suppose -23*i = -w*i + 144. What is the greatest common factor of 45 and i?
9
Suppose -1135 = -14*b + 321. Let p(r) = r**2 - 28*r + 108. Let a be p(26). Calculate the highest common factor of a and b.
8
Suppose -2*s = -a + 904, -s + 1294 + 499 = 2*a. Let q = -448 + a. Calculate the highest common divisor of q and 50.
50
Let r(m) = 13*m**2 - 276*m - 81. Let g be r(23). What is the greatest common factor of g and 112?
112
Let w = 4381 - 4109. What is the greatest common divisor of w and 176?
16
Let c be ((-2)/5)/((-1)/(-45)*(-78)/1690). Calculate the highest common factor of c and 312.
78
Suppose -10 = -12*t + 14*t. Let o be 4 + (0 - (t - -3)). Suppose 8*h - 20 = o*h. Calculate the greatest common divisor of h and 2.
2
Let d(q) = -q**3 - 40*q**2 - 58*q + 55. Let r be d(-43). What is the greatest common divisor of 11 and r?
11
Let k be 15 - 6 - 71613/(-72) - (-9)/24. What is the greatest common factor of k and 1?
1
Suppose -550 = -5*b - 125. Suppose -4*a - c = -208, -163*a + 3*c = -166*a + 165. What is the greatest common factor of b and a?
17
Let j(g) = 15*g**2 + g + 1. Let c be j(-1). Let d = -814830 + 814850. What is the greatest common factor of d and c?
5
Suppose -47*c - 368 = -3329. Calculate t